(o) be the second derivative of -o**4/6 - o**3/3 + 3*o**2/2 - 3*o. Calculate n(w).
-9
Let g(z) = 1 - 3 - 4 + 3 - 4*z. Calculate g(-3).
9
Let u(i) = -i - 1. Let p(h) = -h**2 - h - 2. Let y be p(0). Calculate u(y).
1
Let j = -9 - -8. Let n be (5 - -1)*2/4. Let z = n + j. Let p(w) = w**2 - w + 2. Calculate p(z).
4
Let n(t) = -2*t**2 + t + 1. Let a(m) = 2*m**2 - 2*m - 1. Let k(o) = -2*a(o) - 3*n(o). Calculate k(-2).
5
Let r be -10 + 12 + 21/(-1). Let y = r - -22. Let t(q) = q**2 - 4. Give t(y).
5
Let u(d) = d + 1. Let c be u(0). Let a(x) = -11*x - 1. Give a(c).
-12
Let r = -3 + 1. Let z(d) = 3*d**2 - 2*d - 3. Let w = 4 - -3. Let p(l) = -6*l**2 + 3*l + 5. Let c(j) = w*z(j) + 4*p(j). Give c(r).
-9
Let h(l) = -l**3 + l**2 + 1. Let w(q) = 2*q**3 - 1 + q + 5*q**2 - 7*q**3 + 4. Suppose -6 = 2*p, -3*n - 2*p + 4 = 7. Let f(g) = n*w(g) - 4*h(g). Determine f(1).
0
Let r = 1 - -3. Suppose 0 = -0*v - v + r. Let o(i) = i**3 - 3*i**2 - 4*i. What is o(v)?
0
Let h be 1 + (0 + 0)/(-1). Let f(q) = 2*q + h + 4 - 5. Calculate f(-2).
-4
Suppose 2*b + 2 = 10. Let f be 2/b*(2 + -12). Let p(j) = -j**3 - 6*j**2 - 7*j - 3. Give p(f).
7
Suppose -5*v - 5*m = -2*m - 28, 4*m - 8 = -3*v. Suppose w + v = 44. Suppose 5*p - p = 4*t - w, 5*p + 33 = t. Let y(n) = -n**3 - 6*n**2 + n - 2. What is y(p)?
-8
Suppose -4*t - 5*w - 33 = 0, t + 0*w + 12 = -2*w. Let q be 11/t - 3/6. Let l(g) = -3*g**2 - g**3 + 28 - 22 - 2*g**2 + 6*g. Determine l(q).
6
Let p(v) = -v**3 + 2*v**2 + 5*v - 6. Let a(n) = -n**3 - n + 1. Let w(b) = 6*a(b) + p(b). Give w(1).
-6
Let q(w) = 2*w**3 - 2*w**2 + 1. Let a(g) = g**3 - 2*g**2 + 1. Let c(d) = -4*d. Let k be c(-1). Suppose 10 = k*r + r. Let v be a(r). Determine q(v).
1
Suppose 4*f = -3*y - 5, 5*f - 5*y = 14 + 6. Let b(r) be the first derivative of -7*r**3/3 + r - 13. Determine b(f).
-6
Let k(l) = l - 7. Let m be k(9). Let n(f) = 8*f - 14*f**2 - 2 + 0*f - f + 15*f**m. What is n(-6)?
-8
Let o(q) be the first derivative of q**3/3 - q**2/2 - q + 10. Let t = -3 + 4. Give o(t).
-1
Suppose -4*h = 5*f + 55, -5*f + f + 5*h - 85 = 0. Let g = 11 + f. Let x(a) be the first derivative of a**2/2 + 3*a - 1. What is x(g)?
-1
Let d(r) be the second derivative of -r**3/3 + r**2/2 + 2*r. Let u be d(-1). Let q(p) = -p**u + 2*p**3 - 2*p**3 - 2 + 0 - p**2. Determine q(-2).
2
Suppose -5*a + 51 = 3*m, 7*m - 2*m = -a + 19. Suppose -4 + a = -i. Let d(f) be the first derivative of -f**4/4 - 5*f**3/3 - 3*f**2/2 - 6*f - 1. Determine d(i).
9
Let d(i) = i**3 + 4*i**2 + 2. Suppose -6*b - 21 = -3. Give d(b).
11
Suppose -x = -0*x. Let k(n) = n**3 + 6*n**2 + 2. Let z be k(-6). Let m(u) = u**2 + z*u**3 - u**3 + x - 6 - u. Calculate m(0).
-6
Let b be (15/(-8))/(24/(-32)). Let v(i) be the first derivative of -b*i**2 - i - 1. What is v(-1)?
4
Let v(f) = -f**3 - 3*f**2 + 3*f + 3. Let z be 8 - 5 - (8 - 2). What is v(z)?
-6
Let d(t) be the second derivative of t**8/6720 - t**7/630 + t**5/30 + t**4/3 - t. Let j(u) be the third derivative of d(u). Calculate j(3).
-5
Let d = -28 - -19. Let p be (2/(-3))/((-2)/21). Let k = d + p. Let z(g) = -g**3 - 5*g**2 - 4*g - 2. Give z(k).
-6
Let f(b) = b**3 + 9*b**2 - b - 8. Suppose 6*s = -29 - 25. Determine f(s).
1
Let o(b) = -b - 1. Let r(j) = -j**3 + 3*j**2 + j + 2. Let p be r(3). Suppose -3*v + 24 = 3*w, -12 = 6*w - 4*w - p*v. Suppose -w*q + 0*q - 4 = 0. Give o(q).
0
Suppose -4*q = -2*n - 8, -2*n + 3*q - 4 = 3. Let u(i) = i**3 + i - 4. Let k = -3 + 5. Let x(w) = -3*w**3 - 2*w + 9. Let v(c) = k*x(c) + 5*u(c). Calculate v(n).
4
Let j(i) be the second derivative of 0 - 2*i**2 - 1/20*i**5 + 4*i + 1/2*i**3 - 1/4*i**4. Give j(-4).
0
Let r be (4/(-7))/((-120)/(-42) + -3). Let g(o) = -o**3 + 4*o**2 - 4. Calculate g(r).
-4
Let m(i) be the second derivative of i**4/12 - 5*i**3/6 + 14*i. What is m(5)?
0
Let q be ((-8)/(-6) + -3)/(3/(-9)). Let t(k) = -k**3 + 3*k**2 + 6*k - 1. Give t(q).
-21
Let s be 0*((-10)/4)/(-5). Suppose -4 = -s*d - d. Let z be 2/(2 - 0)*d. Let g(k) = -k**2 + 4*k + 3. Give g(z).
3
Let f(u) = -2*u - 2. Let v = -1 - -3. Suppose -2*j - v - 2 = 0. Give f(j).
2
Let f(x) be the first derivative of -x**3/3 + 9*x**2/2 + 5*x - 1. Let d be f(9). Let c(s) = -2*s + 6 - 3*s**2 + s**3 - 2*s**2 + 0*s**2. Give c(d).
-4
Let o(t) = t**2 + 2*t + 2. Suppose -8 = v - 5. What is o(v)?
5
Let y be ((-4)/5)/((-2)/(-10)). Let p(r) = r**3 + 9*r**2 - r + 4. Let s(j) = -j**2 + j. Let w(t) = p(t) + 4*s(t). Determine w(y).
8
Let g(i) be the second derivative of i**3/6 - i**2/2 - i. Let n = 5 - -4. Let q = n - 13. Determine g(q).
-5
Suppose 3*u - 11 = a - 2, 0 = 2*u - 4*a + 4. Suppose -5*z - u*v - 10 = 0, -z - 2*v - 4 = 2*z. Let p(n) = z + n - 2 + 2. Determine p(-3).
-1
Let g(y) = -y**3 + 6*y**2 + 5. Suppose -z = 2 + 14. Let f = -10 - z. Determine g(f).
5
Let c be (1/(-2))/((-2)/4). Let u(x) = 10*x**3 + x**2 - 2*x + 1. Calculate u(c).
10
Let q = 34 + -34. Let x(s) = s**3 + s**2 - s - 5. Give x(q).
-5
Let g(a) = 3*a - 6 + 10 + 0. What is g(3)?
13
Let c(b) be the second derivative of b**4/12 + 3*b**3/2 - 3*b**2 + 21*b. What is c(-10)?
4
Let x(f) = f + 3. Suppose 3 = 5*v - 27. Let n(k) = k - 7. Let g be n(v). Let z be 3*g*28/(-21). What is x(z)?
7
Let b = -3 - -6. Suppose -2*q - b*q = 0. Suppose 4*c + 5*w = -15, -w = 2*c - q*c + 3. Let l(y) = -y**3 + 4. Determine l(c).
4
Let b(x) = -x**2 + 10*x - 8. Let y be b(9). Let a(h) = -5*h**2 - 4*h - 2. Let j(g) = 9*g**2 + 9*g + 5. Let t(m) = 7*a(m) + 3*j(m). What is t(y)?
-8
Let b(k) = 12*k + 0*k**2 - 2*k**2 - 1 - 22*k + 6*k. Give b(-3).
-7
Let d(k) = -k**2 + 7*k - 9. Let t(a) = 2*a**3 - 30*a**2 - a + 21. Let j be t(15). Give d(j).
-3
Suppose 2*l - 4*l + l = 0. Let h(p) = p**2 - 30. Determine h(l).
-30
Let h(m) be the second derivative of -m**3/3 - 3*m**2/2 - 7*m. Determine h(3).
-9
Let k(b) be the first derivative of -b**4/4 - b**2/2 + 2*b + 5. Let y be (-2 + 0)/(-2) - -1. Suppose y*i = -0 + 4. Give k(i).
-8
Let w = 52 - 53. Let r(d) = -d. Calculate r(w).
1
Let l(z) be the first derivative of -z**7/840 + 7*z**6/360 - 7*z**5/120 - z**4/8 + 2*z**3/3 + 6. Let c(i) be the third derivative of l(i). Determine c(6).
-9
Suppose -6*v + 3*v = -12. Let s = 3 + -2. Let h(p) = p**3 + p**2 + 2*p - 4. Let a(y) = -y + 1. Let b(z) = s*h(z) + v*a(z). What is b(-2)?
0
Let n(o) = o. Let q = 23 + -17. Let f(u) = -u**3 + 7*u**2 - 4*u - 6. Let h be f(q). Calculate n(h).
6
Suppose -1 + 26 = 5*m. Let a = m - 10. Let j = a + 9. Let w(n) = -n**2 + 6*n - 3. Give w(j).
5
Let u(m) be the third derivative of m**6/120 + m**5/15 - m**4/6 + m**3/2 - 4*m**2. Give u(-5).
-2
Let t(b) = -2*b**3 + b**2 + b + 1. Let m be 4*3/(8 + -2). Suppose -13 = -2*d - 3*k, d - 1 + m = k. Suppose 4 = -d*x, -4*o = 2*x - x + 6. Calculate t(o).
3
Let w(m) = -m**3 + m**2 - m - 1. Let j(q) = -q**2 - q + 1. Let g(c) = 7*c - 1. Let i(b) = g(b) + j(b). Let a be 3/(-6)*-3*4. Let n be i(a). What is w(n)?
-1
Let l = -31 + 38. Let k(v) = -v**2 + 8*v + 2. Give k(l).
9
Let g(p) = p**2 + 6*p - 6. Let m be g(-6). Let n(k) = 2*k + k + 47*k**3 - 46*k**3 + 0*k**2 + 8 + 6*k**2. Determine n(m).
-10
Let d(z) = -13*z + 1. Let i = 20 - 19. Give d(i).
-12
Let r(q) = -q**2 + 2. Let l be r(0). Let x(b) be the first derivative of -2*b - 1/3*b**3 - l*b**2 + 3. Give x(-5).
-7
Let y(x) = 2*x - 6. Suppose 10 = -0*q - 2*q, 0 = 3*w + 3*q - 3. Calculate y(w).
6
Suppose 0 = -4*f + 32 - 8. Let r(p) = -3 - 18*p**2 + 2*p - 3 + p**3 - 2 + 12*p**2. Determine r(f).
4
Let n(g) = g**2 + 3*g - 2. Let o = 21 + -24. What is n(o)?
-2
Let p(r) = -r**3 + 13*r**2 + 2*r - 28. Let h be p(13). Let q(j) = -2*j**2 + 6 - 1 - 4 - j. Calculate q(h).
-5
Let n = 13 - 13. Suppose o - 6*o + 1 = 4*p, n = p + 4*o + 8. Let y(r) = r + 2. What is y(p)?
6
Let t(g) = g**2 - 4*g + 1. Let x(y) = -y. Let m be x(-3). Let f = m - 1. Determine t(f).
-3
Let f(m) = -13*m**2 + 2*m - 1. Let y(g) = g**3 - 16*g**2 + 15*g + 1. Let x be y(15). Calculate f(x).
-12
Suppose 1 + 11 = 3*b. Suppose -t - b*t = 25. Let w = 0 - t. Let n(r) = -2*r + 7. Determine n(w).
-3
Let a(v) = -2*v - 11. Let j be a(-8). Let p(x) = 2*x**2 - 6*x - 6. Determine p(j).
14
Suppose k + 4 - 6 = 0. Let d(j) = -j**2 + j - 2. Calculate d(k).
-4
Let g be 1/(7/18 + 18/(-81)). Let l(u) be the third derivative of -u**5/60 + 7*u**4/24 - u**3/2 + u**2. Give l(g).
3
Let o(f) be the first derivative of f**4/4 + 4*f - 1